culate the greatest common divisor of 1134 and 54756.
162
What is the greatest common divisor of 43210 and 3770?
290
Calculate the greatest common factor of 99 and 12232.
11
What is the greatest common factor of 9947 and 20039?
29
What is the highest common factor of 62 and 50282?
62
What is the highest common factor of 125200 and 20?
20
What is the highest common divisor of 861 and 763?
7
What is the highest common factor of 5586 and 578816?
266
Calculate the greatest common divisor of 301158 and 33.
33
What is the highest common divisor of 1111625 and 375?
125
Calculate the highest common factor of 6908 and 80384.
628
What is the highest common factor of 537112 and 1?
1
What is the highest common divisor of 368186 and 884?
442
What is the highest common divisor of 145 and 2?
1
Calculate the highest common divisor of 124 and 202616.
124
Calculate the highest common factor of 4257 and 58179.
1419
Calculate the highest common factor of 195516 and 36.
36
What is the highest common factor of 18 and 2342?
2
What is the highest common factor of 36 and 198252?
36
Calculate the greatest common factor of 42 and 596932.
14
What is the highest common divisor of 30 and 358485?
15
What is the greatest common factor of 271150 and 1769?
29
Calculate the highest common divisor of 266 and 48979.
7
Calculate the highest common factor of 4069 and 37247.
313
What is the highest common divisor of 617666 and 14?
14
Calculate the highest common factor of 40456 and 871.
13
What is the highest common divisor of 1170576 and 288?
144
Calculate the greatest common factor of 28908 and 17028.
396
Calculate the highest common divisor of 3320198 and 14.
14
What is the highest common divisor of 317255 and 535?
535
Calculate the greatest common divisor of 1590300 and 400.
100
What is the greatest common divisor of 43253 and 1036?
259
Calculate the greatest common factor of 101 and 104131.
101
What is the greatest common factor of 60 and 5740?
20
Calculate the highest common divisor of 1794476 and 1720.
172
Calculate the greatest common divisor of 7 and 1044659.
7
What is the greatest common divisor of 550 and 41030?
110
Calculate the greatest common factor of 1483 and 4466796.
1483
What is the greatest common factor of 173801 and 1057?
151
Calculate the highest common factor of 82758 and 9399.
39
Calculate the greatest common factor of 59276 and 532.
28
What is the highest common factor of 102 and 77690?
34
Calculate the greatest common divisor of 19929 and 281561.
511
Calculate the highest common factor of 100 and 173300.
100
What is the highest common factor of 154 and 153622?
14
What is the highest common factor of 1064 and 1440257?
133
Calculate the highest common divisor of 336729 and 321.
321
Calculate the greatest common factor of 97 and 74981.
97
What is the greatest common factor of 57285 and 135?
45
What is the greatest common factor of 61679 and 37?
37
Calculate the greatest common factor of 55432 and 328.
328
What is the greatest common factor of 354 and 5568774?
354
Calculate the greatest common factor of 3656325 and 30.
15
What is the highest common divisor of 12795747 and 51?
51
What is the greatest common factor of 54835 and 165?
55
What is the highest common factor of 978048 and 162?
54
What is the greatest common divisor of 24051 and 6?
3
What is the greatest common factor of 132731 and 5627?
331
What is the highest common divisor of 161243 and 3368?
421
Calculate the greatest common divisor of 116 and 54068.
4
Calculate the highest common divisor of 81 and 50139.
81
Calculate the greatest common factor of 112 and 1540.
28
What is the greatest common divisor of 23 and 34201?
23
What is the greatest common divisor of 1216 and 2252944?
304
What is the greatest common factor of 455497 and 7?
7
Calculate the greatest common factor of 1920 and 2244.
12
What is the greatest common divisor of 1 and 4471?
1
Calculate the highest common factor of 1410 and 21714.
282
Calculate the greatest common factor of 3105776 and 2334.
778
What is the greatest common divisor of 16618 and 112?
14
What is the highest common divisor of 13 and 61152?
13
Calculate the greatest common factor of 4446 and 78318.
342
Calculate the greatest common divisor of 8 and 30836.
4
Calculate the highest common divisor of 75 and 17858.
1
Calculate the highest common divisor of 3003309 and 9.
9
Calculate the highest common divisor of 140584 and 24.
8
What is the highest common divisor of 217 and 7791?
7
Calculate the highest common divisor of 263 and 767171.
263
Calculate the highest common factor of 3982 and 66.
22
What is the greatest common factor of 202 and 128?
2
What is the greatest common factor of 330291 and 78?
39
Calculate the greatest common factor of 23 and 15203.
23
Calculate the greatest common factor of 36889 and 366896.
997
What is the greatest common divisor of 69776 and 16?
16
Calculate the greatest common divisor of 60304 and 64.
16
What is the highest common factor of 1832 and 39617?
229
What is the greatest common divisor of 485280 and 3960?
360
What is the highest common factor of 238378 and 28?
14
What is the greatest common factor of 494153 and 538?
269
Calculate the greatest common divisor of 191063 and 17.
17
Calculate the highest common divisor of 25897 and 17296.
47
Calculate the highest common divisor of 3410 and 6344305.
1705
Calculate the greatest common divisor of 2880 and 3030.
30
What is the greatest common divisor of 848175 and 789?
789
What is the highest common factor of 223572 and 3348?
372
What is the greatest common divisor of 14632 and 2728?
248
Calculate the greatest common divisor of 141660 and 960.
60
Calculate the highest common factor of 364 and 60996.
52
Calculate the highest common divisor of 76 and 376086.
38
What is the greatest common divisor of 2 and 89898?
2
What is the highest common factor of 1940 and 11120?
20
Calculate the greatest common divisor of 48 and 1566408.
24
What is the highest common divisor of 137 and 109189?
137
Calculate the greatest common factor of 60656 and 6913.
223
What is the highest common factor of 31641 and 9552?
597
What is the greatest common divisor of 4904 and 228649?
613
What is the highest common factor of 112 and 9422?
14
Calculate the highest common factor of 627705 and 148.
37
What is the greatest common divisor of 20 and 3792380?
20
Calculate the highest common factor of 161013 and 382.
191
What is the highest common divisor of 55712 and 28?
4
Calculate the highest common divisor of 2418 and 6006.
78
What is the greatest common divisor of 592859 and 61?
61
Calculate the greatest common divisor of 398615 and 35.
35
What is the greatest common factor of 301 and 94892?
7
Calculate the highest common factor of 1 and 9593.
1
What is the highest common divisor of 12 and 1309908?
12
Calculate the greatest common factor of 420 and 518112.
84
Calculate the highest common divisor of 935602 and 262.
262
Calculate the highest common divisor of 980 and 21980.
140
What is the greatest common factor of 68667 and 141?
141
What is the highest common divisor of 501 and 111?
3
What is the greatest common factor of 295 and 175702?
59
Calculate the greatest common factor of 12195 and 585.
45
What is the greatest common factor of 19363 and 2023?
289
Calculate the highest common factor of 5881358 and 14.
14
What is the greatest common divisor of 157755 and 195?
195
What is the greatest common factor of 18 and 9675171?
9
What is the highest common factor of 16354 and 16796?
442
Calculate the greatest common divisor of 36674 and 66.
22
Calculate the highest common divisor of 14362 and 430.
86
Calculate the highest common factor of 1875 and 260475.
75
Calculate the greatest common factor of 27 and 71469.
27
What is the highest common factor of 475 and 80009?
19
Calculate the highest common factor of 1005 and 60.
15
What is the greatest common factor of 122885 and 35?
35
Calculate the greatest common divisor of 17 and 7839941.
17
Calculate the greatest common divisor of 2261 and 10226503.
2261
Calculate the greatest common factor of 188 and 32.
4
Calculate the greatest common divisor of 163734 and 522.
174
Calculate the greatest common divisor of 4776558 and 102.
102
Calculate the highest common divisor of 36138 and 7638.
114
Calcula